2))/(5/1110)?
3
Suppose 30802 - 84828 = -33*l + 19960. What is the tens digit of l?
4
Suppose -3*s = -12 - 3, b = -2*s + 1689. Let g = -1084 + b. What is the tens digit of g?
9
Let t(c) = 731*c + 2766. What is the units digit of t(44)?
0
Let a(g) = -g**3 - 42*g**2 - 77*g + 134. Let x be a(-40). Suppose 0 = x*w - 13351 - 8769. What is the units digit of w?
0
Let y(j) = 89*j + 1. Let v(h) = 59*h + 1. Let m(c) = 8*v(c) - 5*y(c). Let d be m(5). Suppose 3*a - d = 75. What is the units digit of a?
1
Let z = -1685 + 7258. What is the tens digit of z?
7
Suppose 16 = 2*l - 4. Let y(t) = -3*t + 12. Let w be y(l). What is the units digit of 1*(-3)/3*w?
8
Let g(l) = -l**3 - 4*l**2 - 3*l - 9. Let i be g(-4). Suppose -3*s - 3*c = -7*c - 2, -5*s - i*c = 45. What is the units digit of (s - -8)*(-492)/(-8)?
3
Let r be 1*-5*(-2 + 9/5). Suppose -z + 3 = 4*z - 3*t, 5*z + r = -t. Suppose z = -3*p + 6*p - 627. What is the tens digit of p?
0
What is the thousands digit of (-4)/10*((-902150)/20 + 5)?
8
Let c(n) = -606*n**3 - 5*n**2 - 10*n + 3. What is the thousands digit of c(-2)?
4
Let p = -40 + 80. Suppose -g = -2*a + 95, -g + p = 4*a - 3*a. Let b = a + -39. What is the units digit of b?
6
Let h(f) = -f**2 + 53*f - 57. Let l be h(22). Suppose 2*d - 623 = k, k = 2*d + 2*k - l. What is the hundreds digit of d?
3
Suppose -2*n - 2 = 2*n - 2*q, -3*q + 3 = 4*n. Let c(u) = 7*u**2 - 10*u + 8. Let d be c(6). Suppose 8*j - 10*j + d = n. What is the units digit of j?
0
Suppose 318*u + 1227 = 315*u. Let c = -276 - u. What is the units digit of c?
3
Suppose 38165 = 26*w - 60320 - 135801. What is the tens digit of w?
1
Let i(w) = 52*w**3 + 2*w - 50*w**3 - 4 - 5*w**2 + 1 - 6*w. Let k be i(5). Let s = k + 23. What is the units digit of s?
5
Let b(y) be the third derivative of y**4/24 - 7*y**3/2 - 18*y**2. Let d be b(9). What is the tens digit of 15*(-4 + (-80)/d)?
4
Let i(o) = -o**3 - 4*o**2 + 25*o + 25. Let z be (-2)/((6/4)/(54/8)). What is the tens digit of i(z)?
0
Let c(g) = -2*g + 22. Let i be c(10). Let s be (-1545)/10*i/(-3). Let q = s - 62. What is the units digit of q?
1
Let y(w) = -4*w - 181. Let i be y(-46). Suppose -i*u = 4*r - 32 - 394, -2*r = -u - 208. What is the hundreds digit of r?
1
Let x = 142 + -136. Suppose -4*z + 2708 = -9*v + 7*v, 3*z = -x*v + 2001. What is the tens digit of z?
7
Suppose 0 = 3*p - 5*p + 4. Let i(w) = 0 - 24 + p - 8*w + 3. What is the tens digit of i(-8)?
4
Let x = 765 - 422. Let u = x - 98. What is the hundreds digit of u?
2
Let o = -62972 - -98606. What is the ten thousands digit of o?
3
Suppose -5*x = 3*d - 2256, -5*d - 51 = 2*x - 942. Let z = x - 254. What is the hundreds digit of z?
1
Let d(q) = 98*q**3 - q**2 - 2*q - 5. Let p be d(2). Suppose 257 = c - v, 3*c - 2*v + 5*v - p = 0. What is the hundreds digit of c?
2
Let x(m) = -8*m**3 + 2*m**2 + m. Let v be (-1)/((-7)/(-2)) + 1024/448. Suppose -c - 5 = 0, -v*d - 4*c - 22 = -0*d. What is the units digit of x(d)?
9
Suppose -116738 = -96*z + 35326. What is the thousands digit of z?
1
Suppose -120606 = 13*i - 99*i + 1843548. What is the units digit of i?
9
Let o(w) = 89*w**2 - 26*w + 41. What is the ten thousands digit of o(-14)?
1
Let t(b) = 31*b**2 + 30*b**2 + 19*b - 57*b**2 - 50. What is the hundreds digit of t(11)?
6
Suppose 0 = 6*l - 7*l + 50. Suppose -4*n = 0, -4*c + n = -l - 2758. What is the hundreds digit of c?
7
Let s(k) = k**3 - 13*k**2 + 5*k + 6. Suppose 5*d = 5*a - 39 - 1, -a = 5*d + 34. Let m be 2/d + (-186)/(-14). What is the tens digit of s(m)?
7
Suppose -5*x + 2*m = -7852 + 2936, 0 = 5*x + m - 4922. Let s = -72 + x. Suppose 3*b - 2*f - 548 = -0*f, s = 5*b - 4*f. What is the units digit of b?
4
Let h(w) = w**3 + 3*w**2 + 6*w + 11. Let z be h(-2). Suppose 4*a - 4125 = k - 390, -z*k = a - 924. What is the hundreds digit of a?
9
Let a = 66087 + -208. What is the hundreds digit of a?
8
Suppose 3*z = -2*f + 153, -5*f - 27 + 422 = -5*z. Suppose 16*g - 3*g = f. What is the units digit of g?
6
Suppose 2144*t = 2186*t - 1445976. What is the tens digit of t?
2
Suppose -4*b - 45 = -41. Let o(z) = -536*z + 1. What is the hundreds digit of o(b)?
5
Let t = -36503 - -60694. What is the units digit of t?
1
Let s(f) = -11*f**2 + 5*f + 23. Let t(x) = -8*x**2 + 3*x + 15. Let b(g) = 5*s(g) - 8*t(g). What is the units digit of b(2)?
3
Let z = -594 + 598. Suppose -5*a = -2*j + 311, 0 = -3*j - z*a + a + 519. What is the hundreds digit of j?
1
Suppose 113699 = 4*n + 3*v, 4*n - 85115 = -2*v + 28583. Suppose -17*z + n = 2*z. What is the hundreds digit of z?
4
Let f(p) = -2*p**2 - 13*p + 32. Let a be f(-8). Let c(z) = 9*z**2 - 19*z - 2. What is the units digit of c(a)?
2
Suppose 7*r + 14 - 42 = 0. Suppose -5*n - k + 569 = 0, 14*n - 10*n = r*k + 436. What is the tens digit of n?
1
Let d be (-3)/((-63)/6) - 1536/(-14). Suppose t - 505 = -7*a + 2*a, -a = 2*t - d. Suppose -2*j = -7*j + a. What is the tens digit of j?
2
Let v(t) = -13*t**2 + 14*t**2 - 4*t - 10 + 3 - 7*t. Let a be v(12). Suppose 4*g - 513 = a*j, -4*j + 371 = 3*g - 5*j. What is the hundreds digit of g?
1
Let t be (3/6 + 1)*2. Suppose 4*d = 3*b - 1212, -b - t*b + 3*d + 1623 = 0. What is the tens digit of b?
0
Let q(a) = 18035*a - 4496. What is the tens digit of q(3)?
0
Let m be 9282/(-117)*2/4*-9. Suppose -5*q - 3527 = -4*p, 0 = -p + q + 525 + m. What is the units digit of p?
3
Let k = 35206 + -10795. What is the tens digit of k?
1
Suppose 77930 = 8*r + 3*r - 9*r. What is the hundreds digit of r?
9
Let f(y) = -870*y**3 - y**2 + 4*y + 5. Let a be f(-1). Suppose -149*w = -147*w - a. What is the tens digit of w?
3
Let x(s) = 7*s**2 - 4*s + 953. What is the tens digit of x(26)?
8
Let y(u) = 90*u**2 - u + 4. Let n be y(3). Let g = -779 - -928. Suppose -g = -6*s + n. What is the tens digit of s?
6
Let x be 115/30 - (-2)/12. Let n be x/(-2)*(-248 + 1). Let f = n + -270. What is the units digit of f?
4
Let r(f) be the second derivative of -11/3*f**3 + 3*f**2 + 0 + 14*f. What is the tens digit of r(-5)?
1
What is the units digit of ((-1027233)/(-12) - (-10)/8)/(-13 - -17)?
1
Let h(m) = -m**3 - 3*m**2 + 7*m + 10. Let f be h(-4). Let q(d) = 137*d**2 + 3*d. What is the tens digit of q(f)?
4
Suppose -5*g + 1329 = -3*b, -4*b = -15*g + 13*g + 526. Let r(h) = -118*h. Let y be r(-1). Let x = g - y. What is the hundreds digit of x?
1
Suppose -32 = 4*h + 4. Let d be ((58*-6)/3)/(h - -8). Suppose 6*w = d + 160. What is the units digit of w?
6
Let n(b) = -b**2. Let q(h) = 45*h**2 + 18*h + 29. Let m(a) = -4*n(a) + q(a). What is the hundreds digit of m(-5)?
1
Let i(c) = 84*c**2 + 39*c - 8. What is the tens digit of i(9)?
4
Suppose 5*r = 5*r - 17*r + 491640. What is the ten thousands digit of r?
2
Let l = -9161 - -14417. What is the units digit of l?
6
Let r be (-6)/4*580/(-87). What is the units digit of r + -6 + (1 - -4)?
9
Let j(n) = -985*n**2 - 2*n - 6. Let i(w) = -2*w**2 + 2. Let d(h) = -3*i(h) - j(h). What is the hundreds digit of d(1)?
9
Suppose -48*k + 27226 = -374. What is the tens digit of k?
7
Let q(j) = 3425*j - 1762. What is the hundreds digit of q(7)?
2
What is the hundreds digit of 3625 + 32/(-24)*6?
6
Let b = -1512 + 4708. What is the hundreds digit of b?
1
What is the tens digit of (-95 - -86) + 14241*2?
7
Let q(v) = 7*v**2 + 144*v - 25. What is the thousands digit of q(19)?
5
Let p(g) = 3*g**2 + 179*g - 1142. What is the units digit of p(-100)?
8
Let t(z) = 10*z**2 - 32*z - 142. What is the units digit of t(7)?
4
Let k be (-8)/(-3)*42/4. Suppose 0 = 25*w - k*w - 414. Let o = 194 + w. What is the tens digit of o?
5
Let f(j) = j**2 + 77*j + 828. What is the hundreds digit of f(-105)?
7
Let b be (-2)/(-3) + 140/(-84) + 24. Suppose 5*j - 668 = 4*z, 3*z - 553 = -j - 3*j. Let p = j + b. What is the tens digit of p?
5
What is the hundreds digit of (-18 + 2718/12)*174?
2
Let o(l) = -3*l**3 - 10*l**2 + 9*l. Let h be ((-255)/150 + 1/2)*5. What is the hundreds digit of o(h)?
2
Let z(k) = -28*k. Let c be z(-1). Suppose -c = -4*x - 8. Suppose 4*n - 4*r - 232 = 0, -4*n + r = x*r - 192. What is the tens digit of n?
5
Suppose 18*f - 106*f = -668976. What is the tens digit of f?
0
What is the tens digit of 13/2*(1068 + -38)?
9
Let p = 14148 + -9512. What is the units digit of p?
6
Suppose 5*v = 2*h + 21, -10*v + 11*v - 9 = 2*h. Suppose -5*w - v*p + 2242 = 132, 0 